 divide 881?
False
Does 10 divide 46776?
False
Is 12 a factor of 80222?
False
Is 15 a factor of 29520?
True
Does 6 divide 2760?
True
Does 20 divide 840?
True
Is 88 a factor of 23056?
True
Is 9823 a multiple of 52?
False
Does 14 divide 392?
True
Does 63 divide 372?
False
Is 6 a factor of 63?
False
Does 12 divide 40?
False
Is 109928 a multiple of 52?
True
Does 3 divide 291?
True
Is 79 a factor of 17903?
False
Does 18 divide 31212?
True
Is 6600 a multiple of 11?
True
Does 3 divide 3672?
True
Does 19 divide 2917?
False
Does 35 divide 147857?
False
Is 103 a factor of 31365?
False
Does 4 divide 27781?
False
Is 27 a factor of 2862?
True
Is 189 a multiple of 9?
True
Is 35 a factor of 30870?
True
Does 329 divide 57904?
True
Does 30 divide 63405?
False
Does 72 divide 2123?
False
Is 17124 a multiple of 12?
True
Does 113 divide 10735?
True
Is 22 a factor of 660?
True
Does 18 divide 823?
False
Is 4 a factor of 40?
True
Does 30 divide 6690?
True
Does 37 divide 1147?
True
Does 16 divide 704?
True
Is 23 a factor of 2864?
False
Is 9 a factor of 2583?
True
Is 7688 a multiple of 22?
False
Is 6470 a multiple of 79?
False
Is 3 a factor of 424?
False
Is 15 a factor of 449?
False
Does 91 divide 16562?
True
Does 20 divide 3966?
False
Is 4208 a multiple of 29?
False
Is 59 a multiple of 59?
True
Is 7 a factor of 1656?
False
Does 201 divide 24095?
False
Is 348 a multiple of 10?
False
Does 55 divide 1375?
True
Is 11 a factor of 1254?
True
Is 42237 a multiple of 148?
False
Does 5 divide 410?
True
Is 402 a multiple of 6?
True
Is 46083 a multiple of 14?
False
Is 9 a factor of 99?
True
Does 160 divide 8164?
False
Does 37 divide 74?
True
Is 336 a multiple of 16?
True
Is 13 a factor of 184?
False
Is 94 a factor of 8836?
True
Is 55 a factor of 81665?
False
Is 574 a multiple of 52?
False
Is 1791 a multiple of 179?
False
Is 15 a factor of 12907?
False
Is 50883 a multiple of 61?
False
Is 6825 a multiple of 15?
True
Is 7 a factor of 1262?
False
Does 34 divide 618?
False
Is 53590 a multiple of 10?
True
Is 67 a factor of 5427?
True
Is 63 a factor of 95?
False
Does 12 divide 2241?
False
Is 107 a factor of 1284?
True
Is 5985 a multiple of 105?
True
Is 18 a factor of 19393?
False
Is 34580 a multiple of 38?
True
Is 35 a factor of 1481?
False
Is 51 a factor of 816?
True
Is 8090 a multiple of 9?
False
Does 11 divide 3262?
False
Is 99 a factor of 25522?
False
Does 2 divide 236?
True
Does 115 divide 12305?
True
Does 50 divide 18750?
True
Is 1264 a multiple of 4?
True
Is 20 a factor of 220?
True
Is 5472 a multiple of 76?
True
Does 17 divide 37?
False
Does 22 divide 798?
False
Is 7585 a multiple of 185?
True
Does 25 divide 3800?
True
Does 57 divide 2862?
False
Is 31494 a multiple of 58?
True
Is 960 a multiple of 15?
True
Does 51 divide 32588?
False
Does 5 divide 4710?
True
Does 30 divide 2718?
False
Is 9 a factor of 323?
False
Is 61812 a multiple of 311?
False
Does 10 divide 63608?
False
Is 2 a factor of 1604?
True
Is 7 a factor of 1546?
False
Does 16 divide 2288?
True
Does 7 divide 64828?
False
Is 21 a factor of 951?
False
Is 4080 a multiple of 60?
True
Is 4 a factor of 483?
False
Is 40 a factor of 15200?
True
Does 2 divide 1419?
False
Is 3969 a multiple of 10?
False
Is 11 a factor of 6306?
False
Is 240 a multiple of 30?
True
Is 180 a factor of 20880?
True
Does 5 divide 4589?
False
Does 13 divide 832?
True
Is 28601 a multiple of 207?
False
Is 8050 a multiple of 14?
True
Is 6 a factor of 7770?
True
Is 11753 a multiple of 30?
False
Is 13 a factor of 1209?
True
Does 84 divide 41244?
True
Is 34 a factor of 2117?
False
Does 48 divide 3744?
True
Is 1098 a multiple of 9?
True
Is 20 a factor of 26845?
False
Is 42 a factor of 10752?
True
Is 69 a factor of 228?
False
Is 8 a factor of 809?
False
Is 5 a factor of 490?
True
Does 47 divide 6038?
False
Is 33292 a multiple of 14?
True
Is 5 a factor of 1024?
False
Is 72 a factor of 4176?
True
Is 304 a multiple of 16?
True
Does 21 divide 41?
False
Is 38 a factor of 682?
False
Does 4 divide 3128?
True
Is 10 a factor of 2490?
True
Is 72 a factor of 14277?
False
Is 105 a factor of 1680?
True
Does 44 divide 2992?
True
Is 558 a multiple of 93?
True
Is 615 a multiple of 41?
True
Does 121 divide 3401?
False
Is 10 a factor of 6040?
True
Is 31 a factor of 6076?
True
Does 18 divide 43992?
True
Does 178 divide 37896?
False
Is 841 a multiple of 15?
False
Is 71 a factor of 23998?
True
Is 498 a factor of 16616?
False
Is 83 a factor of 7553?
True
Is 28987 a multiple of 41?
True
Does 39 divide 975?
True
Does 13 divide 26156?
True
Is 1323 a multiple of 53?
False
Is 462 a multiple of 36?
False
Is 11 a factor of 2000?
False
Does 71 divide 1207?
True
Is 23 a factor of 6290?
False
Does 75 divide 56100?
True
Does 3 divide 325?
False
Is 26 a factor of 3276?
True
Does 10 divide 916?
False
Is 135 a factor of 6250?
False
Does 27 divide 324?
True
Is 14 a factor of 963?
False
Is 74 a factor of 4327?
False
Is 1240 a multiple of 3?
False
Is 1550 a multiple of 175?
False
Does 22 divide 902?
True
Does 85 divide 4374?
False
Does 75 divide 5925?
True
Is 10212 a multiple of 13?
False
Does 4 divide 349?
False
Is 11433 a multiple of 37?
True
Is 10 a factor of 724?
False
Does 2 divide 197?
False
Is 589 a multiple of 31?
True
Is 4256 a multiple of 14?
True
Is 12936 a multiple of 11?
True
Does 14 divide 2170?
True
Is 18 a factor of 54?
True
Does 3 divide 22?
False
Does 11 divide 73887?
True
Is 14905 a multiple of 30?
False
Is 16386 a multiple of 81?
False
Is 235 a multiple of 73?
False
Does 242 divide 23958?
True
Is 17 a factor of 2737?
True
Is 328 a multiple of 5?
False
Does 23 divide 437?
True
Is 4 a factor of 3513?
False
Is 31 a factor of 62?
True
Is 22 a factor of 51?
False
Does 2 divide 220?
True
Is 112 a factor of 24080?
True
Does 32 divide 736?
True
Does 12 divide 31800?
True
Is 11173 a multiple of 290?
False
Does 32 divide 64?
True
Is 5637 a multiple of 21?
False
Does 25 divide 4506?
False
Is 21 a factor of 11594?
False
Is 6 a factor of 15552?
True
Is 62 a factor of 3744?
False
Is 14 a factor of 16918?
False
Is 296 a multiple of 67?
False
Is 1550 a multiple of 10?
True
Is 1508 a multiple of 29?
True
Does 46 divide 25530?
True
Is 819 a multiple of 13?
True
Does 149 divide 5256?
False
Is 59 a factor of 2421?
False
Is 59 a multiple of 9?
False
Is 10 a factor of 540?
True
Is 21975 a multiple of 25?
True
Is 13663 a multiple of 13?
True
Is 23 a factor of 5013?
False
Is 16573 a multiple of 21?
False
Does 5 divide 5870?
True
Is 108 a factor of 8035?
False
Does 60 divide 2040?
True
Does 2 divide 1707?
False
Does 96 divide 672?
True
Is 1161 a multiple of 27?
True
Is 3 a factor of 5853?
True
Does 67 divide 938?
True
Does 8 divide 9760?
True
Is 2881 a multiple of 28?
False
Does 23 divide 9067?
False
Does 68 divide 153?
False
Does 169 divide 28730?
True
Is 20768 a multiple of 3?
False
Is 12 a factor of 1071?
False
Is 2208 a multiple of 46?
True
Is 114 a multiple of 3?
True
Does 17 divide 273?
False
Is 95 a multiple of 5?
True
Does 188 divide 7442?
False
Is 4 a factor of 9967?
False
Is 34 a factor of 3436?
False
Is 15 a factor of 180?
True
Does 9 divide 2281?
False
Does 8 divide 24?
True
Does 4 divide 6588?
True
Is 13 a factor of 275?
False
Is 3 a factor of 506?
False
Is 4504 a multiple of 4?
True
Is 5 a factor of 12404?
False
Is 4125 a multiple of 11?
True
Is 2387 a multiple of 30?
False
Is 1334 a multiple of 23?
True
Is 11 a factor of 58590?
False
Is 10 a factor of 3720?
True
Is 143 a multiple of 7?
False
Is 21694 a multiple of 66?
False
Is 260 a factor of 18333?
False
Is 40 a factor of 17629?
False
Is 4 a factor of 273?
False
Does 16 divide 1033?
False
Is 59179 a multiple of 12?
False
Is 68 a factor of 4284?
True
Does 19 divide 20995?
True
Is 1019 a multiple of 8?
False
Is 928 a multiple of 29?
True
Is 26 a factor of 598?
True
Does 77 divide 13706?
True
Is 12467 a multiple of 91?
True
Is 103952 a multiple of 54?
False
Is 2856 a multiple of 68?
True
Does 19 divide 266?
True
Does 22 divide 3539?
False
Is 51 a factor of 1224?
True
Is 7 a factor of 173?
False
Does 23 divide 4876?
True
Is 22525 a multiple of 18?
False
Is 6378 a multiple of 20?
False
Does 101 divide 21916?
False
Is 4410 a multiple of 30?
True
Is 17 a factor of 6273?
True
Is 13391 a multiple of 106?
False
Does 128 divide 28696?
False
Is 